-c**2 + 18*c + 240. Let o be k(27). Let n(d) = -d + 8. Determine n(o).
11
Let h(b) = -b**3 - 7*b**2 + 6*b - 25. Let t be h(-8). Let r be ((-12)/t)/((-6)/27). Let p(y) = y**3 + 7*y**2 + 5*y - 3. Determine p(r).
3
Let i(b) = b + 7. Suppose -4*o + 4*y = 0, 3*o - 8 = -5*y - 0*y. What is i(o)?
8
Let t(w) = 3*w + 1. Let a(y) = 4*y + 2. Let l(u) = 2*a(u) - 3*t(u). Let c be l(-3). Let r(m) = -m**2 + 5*m + 2. Calculate r(c).
6
Let i(o) = 1. Let n(a) = -a**2 + 6*a - 3. Suppose 0*x = 4*x + d - 1, -3*x - 6 = 3*d. Let j(w) = x*n(w) - 4*i(w). Calculate j(8).
-23
Let i(z) = z + 1. Let t be 18 - 13 - 13/1. Determine i(t).
-7
Let h = -37 - -6. Let o = 34 + h. Let n(t) = 3*t - 3. Give n(o).
6
Let t(u) = -3*u + 6. Suppose 0 = -c + 3*l + 9, -7*l + 5*l - 14 = -2*c. Calculate t(c).
-12
Let z(u) be the first derivative of u**5/20 + 2*u**4/3 + 5*u**3/6 - 4*u**2 + u - 5. Let h(q) be the first derivative of z(q). Determine h(-7).
6
Let v be (-68)/(-578) + 49/17. Let f(t) = t**2 - 7*t + 2. Give f(v).
-10
Let h(s) = -2*s - 1. Let d(t) = t**2. Let u(i) = 3*d(i) + h(i). What is u(2)?
7
Let c(z) = z**3 + z**2 + z + 1. Let h = -52 + 52. Determine c(h).
1
Suppose -1 = -2*h + 3*h. Let l(b) = 10*b + 6. Let x(k) = 9*k + 7. Let f(y) = 6*l(y) - 5*x(y). Give f(h).
-14
Let l(n) = -4*n - 6*n + 4*n**2 + 5*n - 3*n**2. Give l(3).
-6
Suppose -60 = -13*b + 7*b. Let n = -21 - -34. Let t = n - b. Let x(o) = -2*o**2 + 5*o - 2. Give x(t).
-5
Let t be (-4)/6*(-105)/14. Let n be 3 + (2 - 5 - t). Let b be 1 + -1 + 5/n. Let q(c) = -10*c. Give q(b).
10
Let j(k) = -k - 1. Let b = 47 + -17. Suppose -2*q - b = 3*q. Let l = 5 + q. Give j(l).
0
Let y be 1*(7 - (-4)/(-4)). Let p(s) = 50 - s**3 - 3*s - 4*s**2 - 41 + 10*s**2. Calculate p(y).
-9
Let v(j) = 2*j**3 - 9*j**2 - 4*j - 1. Let d(q) = q**2 + 37*q - 73. Let p be d(-39). Give v(p).
4
Let z(v) = v**2 + 10*v - 14. Let f = 641 - 651. Determine z(f).
-14
Let q(g) = 2*g - 18. Let m be q(7). Let j be (-30)/m*(-56)/70. Let o(y) = y + 3. Give o(j).
-3
Let z(r) = -1047*r + 2 - 1 + 0 + 1038*r. Determine z(4).
-35
Let v(p) = -3*p - 10. Let j(r) = -r - 5. Let o(q) = -5*j(q) + 2*v(q). Suppose 56 = 15*y - 4. What is o(y)?
1
Let a(z) = z - 3. Let o be a(0). Let b(c) be the first derivative of -c**2 - 2*c - 267. Give b(o).
4
Let u(q) = -q**3 - 2*q - 1. Let t(h) = -6*h**3 - 6*h - 8. Let c(b) = -t(b) + 5*u(b). What is c(3)?
18
Let y(d) = d - 2. Let w be y(4). Let k be 32 + 1/1*(-8)/8. Let u(g) = -g**2 + 12*g + 0 + 1 + 21*g - k*g. What is u(w)?
1
Let q(g) be the third derivative of g**6/24 - g**5/20 + g**4/12 - g**3/2 - 172*g**2. What is q(2)?
29
Let a(i) be the third derivative of -i**6/120 + i**5/60 + i**4/24 + 31*i**3/6 + 161*i**2. Determine a(0).
31
Let f(x) = x**2 - 1. Let g(c) = 2*c**2 + 2*c + 5. Let v(t) = -4*f(t) - g(t). Give v(-2).
-21
Let m be (-6)/20 + 222/(-60). Let w(r) = r**3 - 4*r + 4. Calculate w(m).
-44
Suppose 2*b = -4*f - 6, -4*b - 4*f + 43 = -7*f. Let n(v) be the third derivative of 31*v**2 + 0*v - 3/8*v**4 + 1/60*v**5 + v**3 + 0. Calculate n(b).
-8
Suppose 49*c = 37*c + 60. Let a(z) be the third derivative of -4*z**2 + 0 - 1/60*z**6 + 0*z + 1/6*z**3 - 1/20*z**c + 0*z**4. Calculate a(-2).
5
Let a(x) be the second derivative of 0*x**2 + 0 + 9*x + 1/6*x**3 - 19/12*x**4. Determine a(1).
-18
Let o be 1 + -4 + (1 - -5). Let g(d) = 3*d - 3. What is g(o)?
6
Let v be -3*3/9 + 10. Let s(z) be the second derivative of z**3/3 - 3*z**2 - 169*z - 1. Calculate s(v).
12
Suppose -5*k + 40 = -5*x - 0, 4*x = -5*k - 5. Suppose -2*t + 13 = 5, 0 = f - 5*t + 18. Let w(c) = -4*c + 6*c + 6*c**k - c**2 - f*c. What is w(1)?
5
Let p(z) = z**3 + 3*z**2 - 3*z - 3. Let d be p(-4). Let k be (-5 - -3)*d/2. Suppose k = -4*h + 3. Let o(t) = -4*t + 1. Determine o(h).
5
Suppose -3*w + 3*l = 5*l + 2, 4 = -5*w - 4*l. Let j(c) = -2 + 13 + 1 - c - 4 + 8. Give j(w).
16
Let z(y) be the second derivative of -y**3/6 + 19*y**2/2 - 260*y. Give z(13).
6
Suppose -3*m + 5*b = 16, -4*m + 3*b + 0 - 3 = 0. Let s = m - 3. Let p(a) = -a**2 + a + 2. Give p(s).
2
Let i(f) = 6*f + 4 - f**3 - 6*f**2 + 0*f + 2*f**2. Let w = -5601 + 5597. What is i(w)?
-20
Let r(t) = 2*t + t - t**2 - 19 + 33 - 15. Give r(5).
-11
Let n be (-4959)/(-21) + (-3)/21. Let u(h) = -237 - h**2 - 8*h**3 + n + 2*h**2. Determine u(1).
-8
Let m(x) = -x**2 - 7*x. Let h be m(-6). Let v(l) be the second derivative of l**5/20 - 5*l**4/12 - l**3 + 9*l**2/2 - 2*l - 316. Calculate v(h).
9
Suppose 27*x - 20 = 32*x. Let y be 3 - x/3*-6. Let i(c) = c + 1. Determine i(y).
-4
Let f be 9/(-27) - (-3)/9. Suppose -2*d + d + 2 = f. Let o(g) be the third derivative of g**4/6 - g**3/6 - 3*g**2. Give o(d).
7
Suppose 0 = 3*j - 5 - 4. Suppose 3*y - t - j = -14, -5*y - 30 = -4*t. Let x(b) = -1 + 7 - 1 - 3 + b. Calculate x(y).
0
Suppose 0 = -3*p - p - 3*z - 10, 4 = -2*p - z. Suppose d = 2 + 1. Let u(t) = -4*t**d - t + 0*t + 0 + 3*t + t**2 + 1. What is u(p)?
4
Let o be (175/10)/(-7)*16/10. Let z(s) = -s**3 - 5*s**2 - 5*s + 2. Determine z(o).
6
Let r(a) = -932*a**3 + 931*a**3 + a**2 - a**2 + 9*a. Determine r(3).
0
Let b(n) = -233 - n - 4*n**2 + 104 + 122 + 3*n**2. Let v be 2/6 + 2/(-6). Determine b(v).
-7
Let n(w) = -3*w - 2. Let i(k) = k**3 + 18*k**2 - 19*k - 5. Let g(o) = o**3 + 11*o**2 + 22*o + 17. Let l be g(-9). Let s be i(l). Calculate n(s).
13
Let n(x) = -x**3 - x - 10. Suppose 5 = g - 30. Let b = -35 + g. Give n(b).
-10
Let b(i) = 5*i**2 - 5*i - 2. Let f(q) = -14*q**2 + 15*q + 5. Let t(o) = 11*b(o) + 4*f(o). Let c be t(4). Let r(h) = -h - c - 2*h + 3. Determine r(2).
-5
Suppose r = 13*r. Let s(v) = v**2 - 1. Determine s(r).
-1
Let v(k) = -2 + 3*k + 2*k - k + 2*k. Let t be v(1). Suppose -2*j + 0 = -t*x - 24, 3*x = -3*j. Let w(p) = -p**3 + 3*p**2 + 5*p + 1. Calculate w(j).
5
Let z(c) = -c. Let w(t) = 2*t + 8. Let i(y) = -w(y) - 3*z(y). Let l(p) = p - 12. Let h(x) = 7*i(x) - 5*l(x). What is h(-3)?
-2
Let x(r) = r + 6. Let w(g) = 5*g + 31. Let p = -8 - 3. Let c(n) = p*x(n) + 2*w(n). Determine c(0).
-4
Suppose 30 = -6*g + 24. Let m(z) = -10*z + 1. What is m(g)?
11
Let w = -150 - -156. Let a(s) = s**2 - 6*s. Let f be a(6). Let v(x) = f*x - 4*x + x**2 - 3*x + 3. Determine v(w).
-3
Suppose -2*z - 12 = 5*u, -5*z + 18 - 25 = u. Let w(y) = y**3 + 2*y**2 - 1. What is w(z)?
0
Let o(k) be the third derivative of 0 + 0*k - 1/12*k**5 + 0*k**3 - 9*k**2 - 1/12*k**4. Give o(-2).
-16
Let f(v) = -v**3 + 9*v**2 + 2*v - 2. Let c = 470 + -461. Give f(c).
16
Suppose 3*s + 6 = h + 22, 2*s - 28 = 5*h. Let z(d) = -s*d**2 - d**3 + 0*d - 2 - d + 9*d**2. Let p = -27 - -31. Calculate z(p).
10
Let s(g) = -24*g - 1. Let j be 18/(-12)*1/(9/(-6)). What is s(j)?
-25
Let k be (3/2)/((-9)/(-12)). Suppose -k*t - 20 = 3*t, 0 = -f + 3*t + 32. Let l be 8/f + (-22)/5. Let i(r) = -r + 1. Give i(l).
5
Let v(l) = 12*l - 11*l + 4201 - 4190. Suppose -3*t + 27 = -d + 4*d, -d - 2*t + 14 = 0. Suppose -5*a - 3*i - 1 = 29, 24 = -d*a - i. Give v(a).
5
Let w(l) = -22*l + 9*l + 5 + 14*l. Give w(-3).
2
Let l(z) = -2*z**2 - 5*z + 2 - 2*z**2 + 4*z**2 - z**2. Let b be l(-4). Suppose 2*f - t = -12, -f + 0 = 2*t + b. Let j(u) = u**2 + 9*u + 6. Give j(f).
-12
Let w = 27 - 18. Let y(z) = -3*z - 1 - 6 - 3 + w. Let b = -9 - -8. What is y(b)?
2
Let g = 376 - 378. Let o(f) = 8*f**2 - 2*f - 2. Determine o(g).
34
Let y(v) = -v - 3*v + 3*v + 2*v**2 + v**3. Suppose 0 = 4*r - 8, -m - 3*r + 9 = -2*m. What is y(m)?
-6
Let t(p) = 28*p**2 - p. Let w(i) = -5*i - 64. Let r be w(-13). Calculate t(r).
27
Let j be 2/(-1) + (-2)/((-10)/5). Let x(g) = 3*g - 1. Let n(b) = 2*b - 1. Let h(d) = -4*n(d) + 3*x(d). Calculate h(j).
0
Let c(i) be the third derivative of -i**5/60 - 7*i**4/24 - 11*i**3/6 + 3*i**2 - 53*i. Give c(-9).
-29
Let m(u) = 13*u - 8*u - 4*u - 39 + 40 - 3*u**2. Let r = -5 + 7. Give m(r).
-9
Let s = 130 + -128. Let r(j) be the first derivative of -s*j + 3/2*j**2 - 3. Calculate r(-2).
-8
Suppose 84*j = 103*j - 38. Let m(b) be the second derivative of -b**j - 5/6*b**3 + 1/12*b**4 + 7*b + 0. Give m(5).
-2
Let z = -2158 + 2163. Let b(o) = 3*o + 3*o - 5*o. Calculate b(z).
5
Let c(b) = 13*b. Suppose -102*p + 99*p = 3. What is c(p)?
-13
Let h(o) = o**3 - 3*o**2 - 3*o + 5. Suppose 19*k - 11*k = 32. Determine h(k).
9
Let c be 9*(-2)/(-6) - 1. Let n(p) = -1 - 2*p + 11*p**2 + 4 + 2*p + c*p. Let z(l) = 5*l**2 + l + 1. Let b(g) = -3*